{"id":1002,"date":"2023-06-09T13:13:57","date_gmt":"2023-06-09T13:13:57","guid":{"rendered":"https:\/\/ozbau-energie.de\/bau\/?page_id=1002"},"modified":"2023-06-09T13:15:34","modified_gmt":"2023-06-09T13:15:34","slug":"berliner-verbau","status":"publish","type":"page","link":"https:\/\/ozbau-energie.de\/bau\/index.php\/berliner-verbau\/","title":{"rendered":"Berliner Verbau"},"content":{"rendered":"\t\t<div data-elementor-type=\"wp-page\" data-elementor-id=\"1002\" class=\"elementor elementor-1002\">\n\t\t\t\t\t\t<section class=\"elementor-section elementor-top-section elementor-element elementor-element-305a995 elementor-section-boxed elementor-section-height-default elementor-section-height-default\" data-id=\"305a995\" data-element_type=\"section\">\n\t\t\t\t\t\t<div class=\"elementor-container elementor-column-gap-default\">\n\t\t\t\t\t<div class=\"elementor-column elementor-col-100 elementor-top-column elementor-element elementor-element-ce1228c\" data-id=\"ce1228c\" data-element_type=\"column\">\n\t\t\t<div class=\"elementor-widget-wrap elementor-element-populated\">\n\t\t\t\t\t\t<div class=\"elementor-element elementor-element-aa11f2d elementor-widget elementor-widget-text-editor\" data-id=\"aa11f2d\" data-element_type=\"widget\" data-widget_type=\"text-editor.default\">\n\t\t\t\t<div class=\"elementor-widget-container\">\n\t\t\t\t\t\t\t<h1 style=\"font-weight: 300;\">Berliner Verbau<\/h1><h2>(Tr\u00e4gerbohlw\u00e4nde)<\/h2><p style=\"font-weight: 400;\">Absicherung und Abst\u00fctzung von Baugruben\u00a0durch den Berliner Verbau werden entsprechend den \u00f6rtlichen Gegebenheiten geplant und umgesetzt. Der Berliner Verbau kommt zum Einsatz:<\/p><ul style=\"font-weight: 400;\"><li>zur Absicherung von Nachbargrundst\u00fccken und Verkehrswegen<\/li><li>zur Baugrubensicherung<\/li><li>als senkrechte Baugrubenverbauw\u00e4nde (freistehend, ausgesteift oder r\u00fcckverankert)<\/li><\/ul><h3 style=\"font-weight: 300;\">Vorgehensweise:<\/h3><p style=\"font-weight: 400;\">Tr\u00e4ger werden durch Einvibrieren, Einrammen oder Bohren gesetzt\u00a0und mit Holz, Stahl oder Beton ausgefacht.<\/p>\t\t\t\t\t\t<\/div>\n\t\t\t\t<\/div>\n\t\t\t\t\t<\/div>\n\t\t<\/div>\n\t\t\t\t\t<\/div>\n\t\t<\/section>\n\t\t\t\t<section class=\"elementor-section elementor-top-section elementor-element elementor-element-81bda9b elementor-section-boxed elementor-section-height-default elementor-section-height-default\" data-id=\"81bda9b\" data-element_type=\"section\">\n\t\t\t\t\t\t<div class=\"elementor-container elementor-column-gap-default\">\n\t\t\t\t\t<div class=\"elementor-column elementor-col-50 elementor-top-column elementor-element elementor-element-c5710f2\" data-id=\"c5710f2\" data-element_type=\"column\">\n\t\t\t<div class=\"elementor-widget-wrap elementor-element-populated\">\n\t\t\t\t\t\t<div class=\"elementor-element elementor-element-ee573f0 elementor-widget elementor-widget-image\" data-id=\"ee573f0\" data-element_type=\"widget\" data-widget_type=\"image.default\">\n\t\t\t\t<div class=\"elementor-widget-container\">\n\t\t\t\t\t\t\t\t\t\t\t\t\t<img fetchpriority=\"high\" decoding=\"async\" width=\"1001\" height=\"627\" src=\"https:\/\/ozbau-energie.de\/bau\/wp-content\/uploads\/2023\/06\/351286425_233587082751453_6786644458763746318_n.jpg\" class=\"attachment-large size-large wp-image-1005\" alt=\"\" srcset=\"https:\/\/ozbau-energie.de\/bau\/wp-content\/uploads\/2023\/06\/351286425_233587082751453_6786644458763746318_n.jpg 1001w, https:\/\/ozbau-energie.de\/bau\/wp-content\/uploads\/2023\/06\/351286425_233587082751453_6786644458763746318_n-300x188.jpg 300w, https:\/\/ozbau-energie.de\/bau\/wp-content\/uploads\/2023\/06\/351286425_233587082751453_6786644458763746318_n-768x481.jpg 768w\" sizes=\"(max-width: 1001px) 100vw, 1001px\" title=\"351286425_233587082751453_6786644458763746318_n\" \/>\t\t\t\t\t\t\t\t\t\t\t\t\t<\/div>\n\t\t\t\t<\/div>\n\t\t\t\t\t<\/div>\n\t\t<\/div>\n\t\t\t\t<div class=\"elementor-column elementor-col-50 elementor-top-column elementor-element elementor-element-28a581e\" data-id=\"28a581e\" data-element_type=\"column\">\n\t\t\t<div class=\"elementor-widget-wrap elementor-element-populated\">\n\t\t\t\t\t\t<div class=\"elementor-element elementor-element-7c0c39a elementor-widget elementor-widget-image\" data-id=\"7c0c39a\" data-element_type=\"widget\" data-widget_type=\"image.default\">\n\t\t\t\t<div class=\"elementor-widget-container\">\n\t\t\t\t\t\t\t\t\t\t\t\t\t<img decoding=\"async\" width=\"1001\" height=\"627\" src=\"https:\/\/ozbau-energie.de\/bau\/wp-content\/uploads\/2023\/06\/351713256_987227866027442_6848312741601196940_n.jpg\" class=\"attachment-large size-large wp-image-1004\" alt=\"\" srcset=\"https:\/\/ozbau-energie.de\/bau\/wp-content\/uploads\/2023\/06\/351713256_987227866027442_6848312741601196940_n.jpg 1001w, https:\/\/ozbau-energie.de\/bau\/wp-content\/uploads\/2023\/06\/351713256_987227866027442_6848312741601196940_n-300x188.jpg 300w, https:\/\/ozbau-energie.de\/bau\/wp-content\/uploads\/2023\/06\/351713256_987227866027442_6848312741601196940_n-768x481.jpg 768w\" sizes=\"(max-width: 1001px) 100vw, 1001px\" title=\"351713256_987227866027442_6848312741601196940_n\" \/>\t\t\t\t\t\t\t\t\t\t\t\t\t<\/div>\n\t\t\t\t<\/div>\n\t\t\t\t\t<\/div>\n\t\t<\/div>\n\t\t\t\t\t<\/div>\n\t\t<\/section>\n\t\t\t\t<\/div>\n\t\t","protected":false},"excerpt":{"rendered":"<p>Berliner Verbau (Tr\u00e4gerbohlw\u00e4nde) Absicherung und Abst\u00fctzung von Baugruben\u00a0durch den Berliner Verbau werden entsprechend den \u00f6rtlichen Gegebenheiten geplant und umgesetzt. Der Berliner Verbau kommt zum Einsatz: zur Absicherung von Nachbargrundst\u00fccken und Verkehrswegen zur Baugrubensicherung als senkrechte Baugrubenverbauw\u00e4nde (freistehend, ausgesteift oder r\u00fcckverankert) Vorgehensweise: Tr\u00e4ger werden durch Einvibrieren, Einrammen oder Bohren gesetzt\u00a0und mit Holz, Stahl oder Beton ausgefacht.<\/p>\n","protected":false},"author":1,"featured_media":0,"parent":0,"menu_order":0,"comment_status":"closed","ping_status":"closed","template":"page-templates\/template-fullwidth.php","meta":{"footnotes":""},"class_list":["post-1002","page","type-page","status-publish","hentry"],"_links":{"self":[{"href":"https:\/\/ozbau-energie.de\/bau\/index.php\/wp-json\/wp\/v2\/pages\/1002","targetHints":{"allow":["GET"]}}],"collection":[{"href":"https:\/\/ozbau-energie.de\/bau\/index.php\/wp-json\/wp\/v2\/pages"}],"about":[{"href":"https:\/\/ozbau-energie.de\/bau\/index.php\/wp-json\/wp\/v2\/types\/page"}],"author":[{"embeddable":true,"href":"https:\/\/ozbau-energie.de\/bau\/index.php\/wp-json\/wp\/v2\/users\/1"}],"replies":[{"embeddable":true,"href":"https:\/\/ozbau-energie.de\/bau\/index.php\/wp-json\/wp\/v2\/comments?post=1002"}],"version-history":[{"count":4,"href":"https:\/\/ozbau-energie.de\/bau\/index.php\/wp-json\/wp\/v2\/pages\/1002\/revisions"}],"predecessor-version":[{"id":1008,"href":"https:\/\/ozbau-energie.de\/bau\/index.php\/wp-json\/wp\/v2\/pages\/1002\/revisions\/1008"}],"wp:attachment":[{"href":"https:\/\/ozbau-energie.de\/bau\/index.php\/wp-json\/wp\/v2\/media?parent=1002"}],"curies":[{"name":"wp","href":"https:\/\/api.w.org\/{rel}","templated":true}]}}